 by ((198/(-4))/(-9))/(4/8)?
6
Let u = 95 - 91. Suppose -4*a + u*x = -0*a - 652, -5*a + 3*x + 819 = 0. What is the remainder when a is divided by 42?
39
Let p be (45/(-6))/(2/(-4)). Suppose p = -4*f + 5*f. What is the remainder when 59 is divided by f?
14
Let y(q) = q**2 - 4*q + 7. Let w = -2441 + 2606. What is the remainder when w is divided by y(5)?
9
Let g be 7/3 - (-10)/(-30). What is the remainder when 65 - (-6)/g - 2 is divided by (-16)/(-4 - -3) + 1?
15
Let p(b) = 9*b + 13. Calculate the remainder when 290 is divided by p(2).
11
Let m = -2018 - -2094. Calculate the remainder when m is divided by 10.
6
Let l be 3/(-6)*18/(-3). Suppose x = -6*w + 2*w + 17, -2*w = -l*x - 19. What is the remainder when 116 is divided by 357/9 + 2/x?
38
Suppose -14*k + 10*k = -40. Let u(o) = o**2 - 7*o + 6. Calculate the remainder when 105 is divided by u(k).
33
Suppose -z = z - 22. Suppose 2*x = -5 + z. Suppose -r - x*r = -28. Calculate the remainder when 25 is divided by r.
4
Let i(y) = 25*y**2 + 4*y - 3. What is the remainder when i(4) is divided by 69?
68
Suppose -4*l = 6*m - 2*m - 24, 3*l - m = 18. Let o = 185 + -169. What is the remainder when o is divided by l?
4
Suppose 3*h - 87 = 2*h. Calculate the remainder when h is divided by 4/(-30) + (1 - 634/(-30)).
21
Let w = -47 + 84. Suppose 32*o = w*o - 30. Calculate the remainder when 15 is divided by o.
3
Suppose m = 16*m + 300. Calculate the remainder when (-30)/(m/(-15) - 2) is divided by ((-48)/(-10))/(2/10).
21
Suppose 23 = -5*u - 492. Let m = -89 - u. What is the remainder when 52 is divided by m?
10
Let d = 479 + -469. Calculate the remainder when 65 is divided by d.
5
Let a(c) = 2*c**2 - 2*c + 4. Suppose -5*b + 0 = d + 1, 4*d + 4*b - 28 = 0. Calculate the remainder when a(5) is divided by d.
8
Let u = -4 + 4. Suppose -2*a = -u*a - 34. Calculate the remainder when a is divided by (-6)/(-15) + 86/10.
8
Let c(k) = 44*k + 176. Calculate the remainder when c(5) is divided by 40.
36
Suppose 0 = 3*f - 6*i + 4*i - 929, 5*f - 1575 = -2*i. What is the remainder when f is divided by 25?
13
Let k(a) = -a**3 + 4*a**2 - 3. Let x be k(3). Suppose 4*f - x*f = -34. Let g = 161 - 111. What is the remainder when g is divided by f?
16
Let k(l) = -l**3 + 6*l**2 - 3*l - 3. Let x be (-10)/((-2 - 0)/(-2)). Let n(v) = v**3 + 8*v**2 - 22*v - 7. What is the remainder when n(x) is divided by k(5)?
6
Suppose 1209 = 4*w - x, 2*w + 0*w = -4*x + 600. Let c = -77 - -307. Suppose -n + w = 4*g, -5*g + n + c = -2*g. What is the remainder when g is divided by 11?
10
Suppose 0*u = -u - 84. Calculate the remainder when 118 is divided by -60*((-6)/(-21) + 80/u).
38
Suppose h - 2 - 5 = 0. Suppose -p + 78 = h. Calculate the remainder when p is divided by 15.
11
Let l be (-13)/(-3) + 5/(-15). Suppose -l*r + 333 = -m + 4*m, 5*m - 526 = 3*r. Calculate the remainder when m is divided by 27.
26
Let d be -3 + (-2)/((-4)/10). Suppose -d*a + 16 = a - h, -10 = -5*a + 5*h. Calculate the remainder when 8 is divided by a.
1
Let c(a) = 5*a - 13. Calculate the remainder when 131 is divided by c(7).
21
Suppose 25*w - 35 = 565. Calculate the remainder when 931 is divided by w.
19
Let g(v) = 52*v + 12. Let n(a) = a**2 - 5*a + 4. Calculate the remainder when g(3) is divided by n(6).
8
Calculate the remainder when 57 is divided by (-17)/(136/(-24)) - -15.
3
Let l = 555 - 532. Suppose 3*y - 2*q - 6 = 1, 3*y + 3*q - 27 = 0. Suppose y*d - 5*j = 80, 3*d - 24 = j + 18. What is the remainder when l is divided by d?
10
Let t = 296 - 250. Calculate the remainder when t is divided by 10.
6
Let m be (-60)/8*(-4)/(-18)*-6. Calculate the remainder when 225 is divided by ((-4)/m)/((-27)/45)*57.
35
Suppose 57*d - 987 = -204 + 1497. Suppose -2*k + 3*s = -45 - 124, 0 = -3*s - 15. Calculate the remainder when k is divided by d.
37
Let j = 401 - 343. Calculate the remainder when j is divided by 22.
14
Suppose 4*c - h = 181, 3*c - 5*c + h = -93. Suppose -2*l + 36 = -c. What is the remainder when l is divided by 7?
5
Let a be (-8 + 390)/(1*-2). Let d = 337 + a. Let y = d - 103. Calculate the remainder when y is divided by 15.
13
Suppose -4*v - 35 + 135 = 0. Let u = v + -27. Let s(l) = -13*l**3 - l**2 + 1. What is the remainder when s(u) is divided by 26?
23
Let p(z) = 2*z**2 + 6*z - 11. Suppose 5*w + 0 = -25. Calculate the remainder when 33 is divided by p(w).
6
Let h = -45 - -118. Let c = 83 - h. What is the remainder when 16 is divided by c?
6
Let z(o) = -2*o**2 - 2*o + 3. Let g be z(0). What is the remainder when 83 is divided by (32 - 4) + g - 3?
27
Let i = 10 - 3. Let y = -41 - -54. What is the remainder when (-2)/i - (-354)/14 is divided by y?
12
Suppose -2*x + 471 = -3*o, 3*o + 396 + 543 = 4*x. What is the remainder when x is divided by 25?
9
Let y(r) = -r + 26. Let z be y(13). Suppose z = t - 21. Calculate the remainder when t is divided by 19.
15
Suppose z + 230 = 3*z. Let b(g) = 11*g - 37. Calculate the remainder when z is divided by b(6).
28
Suppose 0*y = 5*y + 170. Let o = -3 - y. Let z(v) = 5*v**2 + 3*v + 2. What is the remainder when o is divided by z(-2)?
15
Let a(k) = 9*k**2 - k. Let g = 32 + -44. Let u = g - -30. Calculate the remainder when u is divided by a(-1).
8
Let t = -13 + 23. Let z = 1 + t. Calculate the remainder when 0 + z - 1/(-1) is divided by 5.
2
Let o(n) = -n**3 - n**2 + n + 70. Let t be -1 - (-2 + (-1 - -2)). Let z be o(t). Let a = -46 + z. What is the remainder when a is divided by 13?
11
What is the remainder when 223 is divided by 2/(7/(-38)*(-18)/63)?
33
Suppose 2*h - 162 = -0*h. Let g(m) = m**2 - 5*m + 15. What is the remainder when h is divided by g(6)?
18
Let g be (-60)/((-23)/(-18) - 6/(-27)). Let h = 46 + g. What is the remainder when 28 is divided by h?
4
Suppose -3*h = -4*w - 10 - 5, 2*w - 15 = -3*h. What is the remainder when (-2)/4*-106 + w is divided by 14?
11
Let m = -27 + 25. Calculate the remainder when (12/21)/(m/(-21)) is divided by 1.
0
What is the remainder when 182 is divided by 2 + ((-264)/(-14))/((-34)/(-119))?
46
Suppose -2*g - m + 62 = 0, -5*g - 3*m - m + 161 = 0. Let d = g - 24. Suppose -31 + 11 = -d*w. Calculate the remainder when 6 is divided by w.
2
Let h(l) = -234*l - 1058. Calculate the remainder when h(-5) is divided by 22.
2
Let b(t) = -10*t + 1. Let p = -2 - -1. What is the remainder when 21 is divided by b(p)?
10
Suppose -6*v - 124 = -2*v. Let c = v + 35. Let h = 6 + c. Calculate the remainder when 16 is divided by h.
6
Let f(s) = -12*s**3 + 3*s**2 + 2*s - 4. Calculate the remainder when f(-3) is divided by 43.
40
Let a(p) = -12*p**2 - p - 1. Let f be a(-1). Let n be (-1)/((-3)/(-8))*f. Let t = 63 - n. What is the remainder when t is divided by 17?
14
Suppose -4*y = -3*y - 125. Calculate the remainder when y is divided by (1 - 0)/((3/16)/(115 + -112)).
13
Let q be 2/8 - (-462)/8. Let j = 245 + -243. Suppose 3*u = q + j. Calculate the remainder when u is divided by 11.
9
Suppose 0*m + 2*i = -2*m + 14, m - 3 = -2*i. Let s(p) = 46*p - 5. Let u be s(-2). Let o = u + 103. Calculate the remainder when m is divided by o.
5
What is the remainder when (34 - -63)*1/1 is divided by 14?
13
Suppose -22*n + 21*n = -12. Calculate the remainder when n is divided by 6.
0
Let t be (4/(-12))/((-2)/(-12))*-1. Let n = t + 15. Calculate the remainder when 84 is divided by n.
16
Calculate the remainder when ((-6)/(-4))/((-3)/(-44)) is divided by 1 + 1 + (-4)/(-4).
1
Suppose -7*y + 4*y = 0. What is the remainder when (-412)/(-28) - (y + (-2)/7) is divided by 6?
3
Let r(x) = -x**2 - 12*x - 43. Let d be r(-27). What is the remainder when (6*3/(-12))/(6/d) is divided by (-1 - 0)/(1/(-23))?
20
Let k(z) = 2*z - 15. Suppose 57 = 4*j - x, 3*j - 2*x - 37 = 7. What is the remainder when (-1 - -2)*(25 + 0) is divided by k(j)?
12
Let b(l) be the first derivative of -l**2 - 5*l - 3 + 1/3*l**3. Calculate the remainder when 10 is divided by b(4).
1
Suppose -8*i - 8*i + 960 = 0. Suppose -8*w - 5*x + i = -3*w, 3*x = 5*w - 76. Calculate the remainder when 1/(-3)*(0 - 159) is divided by w.
11
Let z be (-4)/8 + 113/2. Suppose 2*d + 16 = n, -2*n + z = 4*d - 2*d. Calculate the remainder when n is divided by 8.
0
Let w(y) = 3*y - y + 2 - 9*y + 4*y. Suppose 2*l = -2*l + 3*m - 3, 0 = -5*l + 4*m - 3. Calculate the remainder when 41 is divided by w(l).
